{"id":120087,"date":"2024-05-23T12:40:30","date_gmt":"2024-05-23T10:40:30","guid":{"rendered":"https:\/\/iffr.com\/en\/?page_id=120087"},"modified":"2026-03-19T15:53:05","modified_gmt":"2026-03-19T14:53:05","slug":"the-team","status":"publish","type":"page","link":"https:\/\/iffr.com\/en\/about-us\/the-team","title":{"rendered":"The team"},"content":{"rendered":"\n<p>IFFR works with an enthusiastic core team of around 40 professionals year-round. Each year, in the lead-up to the festival and for year-round activities, the team is expanded with many freelancers, interns and volunteers.<\/p>\n\n\n\n<h2 class=\"wp-block-heading\"><strong>Directors &amp; Board<\/strong><\/h2>\n\n\n\n<ul class=\"wp-block-list\">\n<li><em>Festival Director \u2013<\/em>&nbsp;Vanja Kaludjercic<\/li>\n\n\n\n<li><em>Managing Director<\/em>&nbsp;\u2013 Clare Stewart<\/li>\n<\/ul>\n\n\n\n<p><a href=\"https:\/\/iffr.com\/director@IFFR.com\">director@IFFR.com<\/a><\/p>\n\n\n\n<h2 class=\"wp-block-heading\"><strong>Business Affairs<\/strong><\/h2>\n\n\n\n<ul class=\"wp-block-list\">\n<li><em>Head of People &amp; Culture<\/em>&nbsp;\u2013 Sarah de Kock<\/li>\n\n\n\n<li><em>Head of Finance \u2013<\/em>&nbsp;Anne Philippe<\/li>\n\n\n\n<li><em>Coordinator Business Affairs \u2013<\/em>&nbsp;Selda Tasgil<\/li>\n\n\n\n<li><em>Coordinator Finance \u2013<\/em> Claudia Passchier<\/li>\n\n\n\n<li><em>Coordinator Office &amp; Business Affairs <\/em>\u2013 Miranda Dijkshoorn&nbsp;<\/li>\n\n\n\n<li><em>Assistant to the Festival Director \u2013 <\/em>Elita Cannata&nbsp;<\/li>\n\n\n\n<li><em>Assistant to the Managing Director \u2013 <\/em>Kahlo Timmers<\/li>\n<\/ul>\n\n\n\n<h2 class=\"wp-block-heading\"><strong>Audiences &amp; Communities&nbsp;<\/strong><\/h2>\n\n\n\n<ul class=\"wp-block-list\">\n<li><em>Chief of Audiences &amp; Communities <\/em>\u2013 Marieke Sasse<\/li>\n\n\n\n<li><em>Head of Communications \u2013<\/em>&nbsp;Anne Wabeke&nbsp;&nbsp;<\/li>\n\n\n\n<li><em>Coordinator Marketing &amp; Communications<\/em> <em>Pro<\/em>&nbsp;\u2013 Fraser White&nbsp;&nbsp;<\/li>\n\n\n\n<li><em>Coordinator Data Marketing<\/em>&nbsp;\u2013 Laurin Iveti\u0107<\/li>\n\n\n\n<li><em>Coordinator Socials &amp; Communities &amp; Merchandise <\/em>\u2013 Laura Mastracchio&nbsp;<\/li>\n\n\n\n<li><em>Coordinator<\/em> <em>Audiences &amp; Communities <\/em>\u2013 Romy Rechmann<\/li>\n<\/ul>\n\n\n\n<h2 class=\"wp-block-heading\"><strong>Content<\/strong><\/h2>\n\n\n\n<ul class=\"wp-block-list\">\n<li><em>Chief of Content<\/em>&nbsp;\u2013 Melissa van der Schoor<\/li>\n\n\n\n<li><em>Curator and Coordinator Art Directions &amp; Lightroom<\/em> &#8211; Eva Langerak<\/li>\n\n\n\n<li><em>Project Manager RTM Day&nbsp; &amp; RTM Pitch <\/em>\u2013 Suze van Bohemen<\/li>\n<\/ul>\n\n\n\n<h3 class=\"wp-block-heading\"><strong>Education<\/strong><\/h3>\n\n\n\n<ul class=\"wp-block-list\">\n<li><em>Head of Education<\/em>&nbsp;\u2013 Boudewijn van den Broek<\/li>\n\n\n\n<li><em>Coordinator Education&nbsp;<\/em>\u2013&nbsp;Alyssa Schrauwen<\/li>\n\n\n\n<li><em>Coordinator Education<\/em> \u2013 Tracey Smit<\/li>\n<\/ul>\n\n\n\n<h3 class=\"wp-block-heading\"><strong>H<\/strong>ubert Bals Fund<\/h3>\n\n\n\n<ul class=\"wp-block-list\">\n<li><em>Head of<\/em>&nbsp;<em>Hubert Bals Fonds (HBF)&nbsp;<\/em>\u2013&nbsp;Tamara Tatishvili<\/li>\n\n\n\n<li><em>Interim HBF Coordinator<\/em> \u00a0\u2013 Livvy Jakeman<\/li>\n\n\n\n<li><em>Project Manager HBF<\/em>&nbsp;\u2013 Ayumi Filippone<\/li>\n<\/ul>\n\n\n\n<h3 class=\"wp-block-heading\"><strong>Pro<\/strong><\/h3>\n\n\n\n<ul class=\"wp-block-list\">\n<li><em>Head of Pro<\/em>&nbsp;\u2013 Marten Rabarts<\/li>\n\n\n\n<li><em>Manager Pro<\/em>&nbsp;\u2013 Alessia Acone<\/li>\n<\/ul>\n\n\n\n<h3 class=\"wp-block-heading\"><strong>Programme Operations &amp; International Relations<\/strong><\/h3>\n\n\n\n<ul class=\"wp-block-list\">\n<li><em>Head of Programme Operations<\/em>&nbsp;\u2013 Nina Rodriguez Lima&nbsp;<\/li>\n\n\n\n<li><em>Head of Guest and International Relations<\/em>&nbsp;\u2013 M\u00e9lissa Delm\u00e9e Mal\u00e9tras<\/li>\n\n\n\n<li><em>Coordinator Programme Operations<\/em> \u2013 Lesley Da Rae Yoon<\/li>\n\n\n\n<li><em>Programme Operations Officer<\/em>&nbsp;\u2013 Robert de Rek<\/li>\n<\/ul>\n\n\n\n<h3 class=\"wp-block-heading\"><strong>Selection Committee Members (features)<\/strong><\/h3>\n\n\n\n<p>Krist\u00edna Aschenbrennerova (South Korea, Japan, China, Hong Kong, Taiwan), Stefan Borsos (South and South-East Asia), Michelle Carey (English speaking territories), Evgeny Gusyatinskiy (Central and Eastern Europe, Israel), Mercedes Mart\u00ednez-Abarca (South and Central America, Mexico, Caribbeans), Olaf M\u00f6ller (German speaking territories, Nordic countries, the Cinema Regained programme), Lyse Nsengiyumva (Sub-Saharan Africa), Rebecca De Pas (Italy, Spain, Portugal), Olivier Pierre (French speaking territories), Koen de Rooij (Netherlands, Flanders), Delly Shirazi (Middle-East, Northern Africa, Iran, Turkey)<\/p>\n\n\n\n<h3 class=\"wp-block-heading\"><strong>Selection Committee Members (Shorts)<\/strong><\/h3>\n\n\n\n<p>Miquel Mart\u00ed Freixas, Cristina Kolozsv\u00e1ry-Kiss, Lyse Nsengiyumva, Rebecca De Pas, Ivan Ramljak, Koen de Rooij, Loes van Keulen<\/p>\n\n\n\n<h3 class=\"wp-block-heading\"><strong>Scouts<\/strong><\/h3>\n\n\n\n<p>Robert Gray, Nina Rodriguez Lima, Ralph McKay, Steve Polta, Ivan Ramljak, Susana Santos Rodrigues, Xu Haochen<\/p>\n\n\n\n<h2 class=\"wp-block-heading\"><strong>Funding &amp; Business Growth<\/strong><\/h2>\n\n\n\n<ul class=\"wp-block-list\">\n<li><em>Chief of Funding &amp; Business Growth<\/em> \u2013 Jennifer Tucker<\/li>\n\n\n\n<li><em>Coordinator Funding &amp; Private Partners<\/em> \u2013 Luka de Ruijter<\/li>\n\n\n\n<li><em>Trainee Funding &amp; Business Growth<\/em> \u2013 Namja Arkhouch<\/li>\n<\/ul>\n\n\n\n<h2 class=\"wp-block-heading\"><strong>Operations<\/strong><\/h2>\n\n\n\n<ul class=\"wp-block-list\">\n<li><em>Chief of Operations<\/em>&nbsp;\u2013 Catherine Reijans<\/li>\n\n\n\n<li><em>Head of Production<\/em>&nbsp;\u2013 Chabelle van der Pauw<\/li>\n\n\n\n<li><em>Coordinator Ticketing &amp; Website<\/em> \u2013 Lara Arnoldus&nbsp;<\/li>\n\n\n\n<li><em>Coordinator Applications &amp; Website<\/em> \u2013 Marco Oudewortel<\/li>\n\n\n\n<li><em>System Administrator \u2013 <\/em>Giorgi Kuiper<\/li>\n<\/ul>\n\n\n\n<h2 class=\"wp-block-heading\"><strong>Year-round the IFFR team is supported by:<\/strong><\/h2>\n\n\n\n<p>Facundo Lema (Pro), Lara Gonz\u00e1lez Lobo (Pro), Jurgen van der Vlies (Operations), Peter van Heck (Operations), Tom Timmerman (Operations)<\/p>\n\n\n\n<h2 class=\"wp-block-heading\"><strong>Supervisory Board<\/strong><\/h2>\n\n\n\n<p>Korrie Louwes (chair), Anoesjka Imambaks, Nicky Koopman, Pieter Guldemond, Sacha Polak, Joram Willink<\/p>\n","protected":false},"excerpt":{"rendered":"<p>IFFR works with an enthusiastic core team of around 40 professionals year-round. Each year, in the lead-up to the festival and for year-round activities, the team is expanded with many freelancers, interns and volunteers. Directors &amp; Board director@IFFR.com Business Affairs Audiences &amp; Communities&nbsp; Content Education Hubert Bals Fund Pro Programme Operations &amp; International Relations Selection [&hellip;]<\/p>\n","protected":false},"author":8,"featured_media":0,"parent":119894,"menu_order":0,"comment_status":"closed","ping_status":"closed","template":"","meta":{"_acf_changed":false,"editor_notices":[],"footnotes":""},"class_list":["post-120087","page","type-page","status-publish","hentry"],"acf":[],"yoast_head":"<!-- This site is optimized with the Yoast SEO plugin v27.3 - https:\/\/yoast.com\/product\/yoast-seo-wordpress\/ -->\n<title>The team - IFFR EN<\/title>\n<meta name=\"robots\" content=\"index, follow, max-snippet:-1, max-image-preview:large, max-video-preview:-1\" \/>\n<link rel=\"canonical\" href=\"https:\/\/iffr.com\/en\/about-us\/the-team\" \/>\n<meta property=\"og:locale\" content=\"en_GB\" \/>\n<meta property=\"og:type\" content=\"article\" \/>\n<meta property=\"og:title\" content=\"The team - IFFR EN\" \/>\n<meta property=\"og:description\" content=\"IFFR works with an enthusiastic core team of around 40 professionals year-round. Each year, in the lead-up to the festival and for year-round activities, the team is expanded with many freelancers, interns and volunteers. Directors &amp; Board director@IFFR.com Business Affairs Audiences &amp; Communities&nbsp; Content Education Hubert Bals Fund Pro Programme Operations &amp; International Relations Selection [&hellip;]\" \/>\n<meta property=\"og:url\" content=\"https:\/\/iffr.com\/en\/about-us\/the-team\" \/>\n<meta property=\"og:site_name\" content=\"IFFR EN\" \/>\n<meta property=\"article:modified_time\" content=\"2026-03-19T14:53:05+00:00\" \/>\n<meta name=\"twitter:card\" content=\"summary_large_image\" \/>\n<meta name=\"twitter:label1\" content=\"Est. reading time\" \/>\n\t<meta name=\"twitter:data1\" content=\"2 minutes\" \/>\n<script type=\"application\/ld+json\" class=\"yoast-schema-graph\">{\"@context\":\"https:\\\/\\\/schema.org\",\"@graph\":[{\"@type\":\"WebPage\",\"@id\":\"https:\\\/\\\/iffr.com\\\/en\\\/about-us\\\/the-team\",\"url\":\"https:\\\/\\\/iffr.com\\\/en\\\/about-us\\\/the-team\",\"name\":\"The team - IFFR EN\",\"isPartOf\":{\"@id\":\"https:\\\/\\\/iffr.com\\\/en\\\/#website\"},\"datePublished\":\"2024-05-23T10:40:30+00:00\",\"dateModified\":\"2026-03-19T14:53:05+00:00\",\"breadcrumb\":{\"@id\":\"https:\\\/\\\/iffr.com\\\/en\\\/about-us\\\/the-team#breadcrumb\"},\"inLanguage\":\"en-GB\",\"potentialAction\":[{\"@type\":\"ReadAction\",\"target\":[\"https:\\\/\\\/iffr.com\\\/en\\\/about-us\\\/the-team\"]}]},{\"@type\":\"BreadcrumbList\",\"@id\":\"https:\\\/\\\/iffr.com\\\/en\\\/about-us\\\/the-team#breadcrumb\",\"itemListElement\":[{\"@type\":\"ListItem\",\"position\":1,\"name\":\"Home\",\"item\":\"https:\\\/\\\/iffr.com\\\/en\\\/\"},{\"@type\":\"ListItem\",\"position\":2,\"name\":\"About us\",\"item\":\"https:\\\/\\\/iffr.com\\\/en\\\/about-us\"},{\"@type\":\"ListItem\",\"position\":3,\"name\":\"The team\"}]},{\"@type\":\"WebSite\",\"@id\":\"https:\\\/\\\/iffr.com\\\/en\\\/#website\",\"url\":\"https:\\\/\\\/iffr.com\\\/en\\\/\",\"name\":\"IFFR EN\",\"description\":\"\",\"potentialAction\":[{\"@type\":\"SearchAction\",\"target\":{\"@type\":\"EntryPoint\",\"urlTemplate\":\"https:\\\/\\\/iffr.com\\\/en\\\/?s={search_term_string}\"},\"query-input\":{\"@type\":\"PropertyValueSpecification\",\"valueRequired\":true,\"valueName\":\"search_term_string\"}}],\"inLanguage\":\"en-GB\"}]}<\/script>\n<!-- \/ Yoast SEO plugin. -->","yoast_head_json":{"title":"The team - IFFR EN","robots":{"index":"index","follow":"follow","max-snippet":"max-snippet:-1","max-image-preview":"max-image-preview:large","max-video-preview":"max-video-preview:-1"},"canonical":"https:\/\/iffr.com\/en\/about-us\/the-team","og_locale":"en_GB","og_type":"article","og_title":"The team - IFFR EN","og_description":"IFFR works with an enthusiastic core team of around 40 professionals year-round. Each year, in the lead-up to the festival and for year-round activities, the team is expanded with many freelancers, interns and volunteers. Directors &amp; Board director@IFFR.com Business Affairs Audiences &amp; Communities&nbsp; Content Education Hubert Bals Fund Pro Programme Operations &amp; International Relations Selection [&hellip;]","og_url":"https:\/\/iffr.com\/en\/about-us\/the-team","og_site_name":"IFFR EN","article_modified_time":"2026-03-19T14:53:05+00:00","twitter_card":"summary_large_image","twitter_misc":{"Est. reading time":"2 minutes"},"schema":{"@context":"https:\/\/schema.org","@graph":[{"@type":"WebPage","@id":"https:\/\/iffr.com\/en\/about-us\/the-team","url":"https:\/\/iffr.com\/en\/about-us\/the-team","name":"The team - IFFR EN","isPartOf":{"@id":"https:\/\/iffr.com\/en\/#website"},"datePublished":"2024-05-23T10:40:30+00:00","dateModified":"2026-03-19T14:53:05+00:00","breadcrumb":{"@id":"https:\/\/iffr.com\/en\/about-us\/the-team#breadcrumb"},"inLanguage":"en-GB","potentialAction":[{"@type":"ReadAction","target":["https:\/\/iffr.com\/en\/about-us\/the-team"]}]},{"@type":"BreadcrumbList","@id":"https:\/\/iffr.com\/en\/about-us\/the-team#breadcrumb","itemListElement":[{"@type":"ListItem","position":1,"name":"Home","item":"https:\/\/iffr.com\/en\/"},{"@type":"ListItem","position":2,"name":"About us","item":"https:\/\/iffr.com\/en\/about-us"},{"@type":"ListItem","position":3,"name":"The team"}]},{"@type":"WebSite","@id":"https:\/\/iffr.com\/en\/#website","url":"https:\/\/iffr.com\/en\/","name":"IFFR EN","description":"","potentialAction":[{"@type":"SearchAction","target":{"@type":"EntryPoint","urlTemplate":"https:\/\/iffr.com\/en\/?s={search_term_string}"},"query-input":{"@type":"PropertyValueSpecification","valueRequired":true,"valueName":"search_term_string"}}],"inLanguage":"en-GB"}]}},"_links":{"self":[{"href":"https:\/\/iffr.com\/en\/wp-json\/wp\/v2\/pages\/120087","targetHints":{"allow":["GET"]}}],"collection":[{"href":"https:\/\/iffr.com\/en\/wp-json\/wp\/v2\/pages"}],"about":[{"href":"https:\/\/iffr.com\/en\/wp-json\/wp\/v2\/types\/page"}],"author":[{"embeddable":true,"href":"https:\/\/iffr.com\/en\/wp-json\/wp\/v2\/users\/8"}],"replies":[{"embeddable":true,"href":"https:\/\/iffr.com\/en\/wp-json\/wp\/v2\/comments?post=120087"}],"version-history":[{"count":32,"href":"https:\/\/iffr.com\/en\/wp-json\/wp\/v2\/pages\/120087\/revisions"}],"predecessor-version":[{"id":230518,"href":"https:\/\/iffr.com\/en\/wp-json\/wp\/v2\/pages\/120087\/revisions\/230518"}],"up":[{"embeddable":true,"href":"https:\/\/iffr.com\/en\/wp-json\/wp\/v2\/pages\/119894"}],"wp:attachment":[{"href":"https:\/\/iffr.com\/en\/wp-json\/wp\/v2\/media?parent=120087"}],"curies":[{"name":"wp","href":"https:\/\/api.w.org\/{rel}","templated":true}]}}

<p>IFFR works with an enthusiastic core team of around 40 professionals year-round. Each year, in the lead-up to the festival and for year-round activities, the team is expanded with many freelancers, interns and volunteers.</p>



<h2 class="wp-block-heading"><strong>Directors &amp; Board</strong></h2>



<ul class="wp-block-list">
<li><em>Festival Director –</em>&nbsp;Vanja Kaludjercic</li>



<li><em>Managing Director</em>&nbsp;– Clare Stewart</li>
</ul>



<p><a href="https://iffr.com/director@IFFR.com">director@IFFR.com</a></p>



<h2 class="wp-block-heading"><strong>Business Affairs</strong></h2>



<ul class="wp-block-list">
<li><em>Head of People &amp; Culture</em>&nbsp;– Sarah de Kock</li>



<li><em>Head of Finance –</em>&nbsp;Anne Philippe</li>



<li><em>Coordinator Business Affairs –</em>&nbsp;Selda Tasgil</li>



<li><em>Coordinator Finance –</em> Claudia Passchier</li>



<li><em>Coordinator Office &amp; Business Affairs </em>– Miranda Dijkshoorn&nbsp;</li>



<li><em>Assistant to the Festival Director – </em>Elita Cannata&nbsp;</li>



<li><em>Assistant to the Managing Director – </em>Kahlo Timmers</li>
</ul>



<h2 class="wp-block-heading"><strong>Audiences &amp; Communities&nbsp;</strong></h2>



<ul class="wp-block-list">
<li><em>Chief of Audiences &amp; Communities </em>– Marieke Sasse</li>



<li><em>Head of Communications –</em>&nbsp;Anne Wabeke&nbsp;&nbsp;</li>



<li><em>Coordinator Marketing &amp; Communications</em> <em>Pro</em>&nbsp;– Fraser White&nbsp;&nbsp;</li>



<li><em>Coordinator Data Marketing</em>&nbsp;– Laurin Ivetić</li>



<li><em>Coordinator Socials &amp; Communities &amp; Merchandise </em>– Laura Mastracchio&nbsp;</li>



<li><em>Coordinator</em> <em>Audiences &amp; Communities </em>– Romy Rechmann</li>
</ul>



<h2 class="wp-block-heading"><strong>Content</strong></h2>



<ul class="wp-block-list">
<li><em>Chief of Content</em>&nbsp;– Melissa van der Schoor</li>



<li><em>Curator and Coordinator Art Directions &amp; Lightroom</em> &#8211; Eva Langerak</li>



<li><em>Project Manager RTM Day&nbsp; &amp; RTM Pitch </em>– Suze van Bohemen</li>
</ul>



<h3 class="wp-block-heading"><strong>Education</strong></h3>



<ul class="wp-block-list">
<li><em>Head of Education</em>&nbsp;– Boudewijn van den Broek</li>



<li><em>Coordinator Education&nbsp;</em>–&nbsp;Alyssa Schrauwen</li>



<li><em>Coordinator Education</em> – Tracey Smit</li>
</ul>



<h3 class="wp-block-heading"><strong>H</strong>ubert Bals Fund</h3>



<ul class="wp-block-list">
<li><em>Head of</em>&nbsp;<em>Hubert Bals Fonds (HBF)&nbsp;</em>–&nbsp;Tamara Tatishvili</li>



<li><em>Interim HBF Coordinator</em>  – Livvy Jakeman</li>



<li><em>Project Manager HBF</em>&nbsp;– Ayumi Filippone</li>
</ul>



<h3 class="wp-block-heading"><strong>Pro</strong></h3>



<ul class="wp-block-list">
<li><em>Head of Pro</em>&nbsp;– Marten Rabarts</li>



<li><em>Manager Pro</em>&nbsp;– Alessia Acone</li>
</ul>



<h3 class="wp-block-heading"><strong>Programme Operations &amp; International Relations</strong></h3>



<ul class="wp-block-list">
<li><em>Head of Programme Operations</em>&nbsp;– Nina Rodriguez Lima&nbsp;</li>



<li><em>Head of Guest and International Relations</em>&nbsp;– Mélissa Delmée Malétras</li>



<li><em>Coordinator Programme Operations</em> – Lesley Da Rae Yoon</li>



<li><em>Programme Operations Officer</em>&nbsp;– Robert de Rek</li>
</ul>



<h3 class="wp-block-heading"><strong>Selection Committee Members (features)</strong></h3>



<p>Kristína Aschenbrennerova (South Korea, Japan, China, Hong Kong, Taiwan), Stefan Borsos (South and South-East Asia), Michelle Carey (English speaking territories), Evgeny Gusyatinskiy (Central and Eastern Europe, Israel), Mercedes Martínez-Abarca (South and Central America, Mexico, Caribbeans), Olaf Möller (German speaking territories, Nordic countries, the Cinema Regained programme), Lyse Nsengiyumva (Sub-Saharan Africa), Rebecca De Pas (Italy, Spain, Portugal), Olivier Pierre (French speaking territories), Koen de Rooij (Netherlands, Flanders), Delly Shirazi (Middle-East, Northern Africa, Iran, Turkey)</p>



<h3 class="wp-block-heading"><strong>Selection Committee Members (Shorts)</strong></h3>



<p>Miquel Martí Freixas, Cristina Kolozsváry-Kiss, Lyse Nsengiyumva, Rebecca De Pas, Ivan Ramljak, Koen de Rooij, Loes van Keulen</p>



<h3 class="wp-block-heading"><strong>Scouts</strong></h3>



<p>Robert Gray, Nina Rodriguez Lima, Ralph McKay, Steve Polta, Ivan Ramljak, Susana Santos Rodrigues, Xu Haochen</p>



<h2 class="wp-block-heading"><strong>Funding &amp; Business Growth</strong></h2>



<ul class="wp-block-list">
<li><em>Chief of Funding &amp; Business Growth</em> – Jennifer Tucker</li>



<li><em>Coordinator Funding &amp; Private Partners</em> – Luka de Ruijter</li>



<li><em>Trainee Funding &amp; Business Growth</em> – Namja Arkhouch</li>
</ul>



<h2 class="wp-block-heading"><strong>Operations</strong></h2>



<ul class="wp-block-list">
<li><em>Chief of Operations</em>&nbsp;– Catherine Reijans</li>



<li><em>Head of Production</em>&nbsp;– Chabelle van der Pauw</li>



<li><em>Coordinator Ticketing &amp; Website</em> – Lara Arnoldus&nbsp;</li>



<li><em>Coordinator Applications &amp; Website</em> – Marco Oudewortel</li>



<li><em>System Administrator – </em>Giorgi Kuiper</li>
</ul>



<h2 class="wp-block-heading"><strong>Year-round the IFFR team is supported by:</strong></h2>



<p>Facundo Lema (Pro), Lara González Lobo (Pro), Jurgen van der Vlies (Operations), Peter van Heck (Operations), Tom Timmerman (Operations)</p>



<h2 class="wp-block-heading"><strong>Supervisory Board</strong></h2>



<p>Korrie Louwes (chair), Anoesjka Imambaks, Nicky Koopman, Pieter Guldemond, Sacha Polak, Joram Willink</p>
